{"id":570,"date":"2017-05-16T13:40:41","date_gmt":"2017-05-16T13:40:41","guid":{"rendered":"http:\/\/themes.getmotopress.com\/oceanica\/?page_id=16"},"modified":"2026-04-28T14:45:02","modified_gmt":"2026-04-28T14:45:02","slug":"gite-de-groupe-en-savoie-mont-blanc","status":"publish","type":"page","link":"https:\/\/www.gite-savoie-bauges.fr\/","title":{"rendered":"Les Granges de Capucine"},"content":{"rendered":"<p>[vc_row][vc_column][vc_empty_space][vc_column_text css_animation=\u00a0\u00bbbounceIn\u00a0\u00bb]<\/p>\n<h1 style=\"text-align: center;\">Grands gites de groupe en Savoie Mont Blanc<\/h1>\n<p style=\"text-align: center;\"><span style=\"font-family: georgia, palatino, serif;\"><span style=\"font-size: 18.6667px;\">Venez s\u00e9journer dans <span style=\"font-size: 18pt;\"><strong><span style=\"font-size: 14pt;\">nos granges r\u00e9nov\u00e9es, en Savoie Mont Blanc<\/span>,<\/strong><\/span>\u00a0pour partager une belle parenth\u00e8se <span style=\"font-size: 14pt;\">entre amis, en famille, ou en groupe.<\/span> Nos grands g\u00eetes de groupe sont parfaits pour vos regroupements familiaux ou professionnels et peuvent accueillir jusqu&rsquo;\u00e0 10 couchages au c\u0153ur des deux Savoies. Vous serez proches de la <strong>nature<\/strong>, au <strong>calme<\/strong>, au c\u0153ur d&rsquo;une <strong>r\u00e9gion ultra dynamique<\/strong><span style=\"font-size: 14pt;\"> en toutes saisons.<\/span> Que vous soyez <strong>sportif<\/strong> ou adepte du <strong>farniente<\/strong>, entre le L<strong>ac d&rsquo;Annecy et le Lac du Bourget<\/strong>, vous vivrez une exp\u00e9rience ressour\u00e7ante et authentique.\u00a0<\/span><\/span><\/p>\n<p>[\/vc_column_text][\/vc_column][\/vc_row][vc_row][vc_column][vc_empty_space][\/vc_column][\/vc_row][vc_row][vc_column width=\u00a0\u00bb1\/2&Prime;][vc_text_separator title=\u00a0\u00bbL&rsquo;ALPAGE\u00a0\u00bb i_icon_fontawesome=\u00a0\u00bbfab fa-pagelines\u00a0\u00bb i_color=\u00a0\u00bbcustom\u00a0\u00bb i_size=\u00a0\u00bblg\u00a0\u00bb color=\u00a0\u00bbcustom\u00a0\u00bb border_width=\u00a0\u00bb2&Prime; add_icon=\u00a0\u00bbtrue\u00a0\u00bb accent_color=\u00a0\u00bb#515b43&Prime; i_custom_color=\u00a0\u00bb#515b43&Prime;][vc_gallery type=\u00a0\u00bbimage_grid\u00a0\u00bb images=\u00a0\u00bb4046&Prime; img_size=\u00a0\u00bb\u00a0\u00bb onclick=\u00a0\u00bb\u00a0\u00bb]<span  id=\"wofcb-1\" class=\"ozy-custom_button_w\"><a id=\"ofcb-1\" style=\"--data-bordercolor:#515b43\" class=\"ozy-custom_button ocbtn-0\"  href=\"https:\/\/www.gite-savoie-bauges.fr\/index.php\/lalpagedecapucine-gite-avec-spa-privatif\/\"  target=\"_self\" >D\u00e9couvrir ce g\u00eete insolite<\/a><\/span><span  id=\"wofcb-2\" class=\"ozy-custom_button_w\"><a id=\"ofcb-2\" style=\"--data-bordercolor:#aad7ce\" class=\"ozy-custom_button ocbtn-6\"  href=\"https:\/\/secure.reservit.com\/reservit\/reserhotel.php?lang=FR&#038;id=426&#038;hotelid=445467\"  target=\"_blank\" >R\u00e9server \u00e0 L&#039;Alpage<span><\/span><\/a><\/span>[vc_single_image image=\u00a0\u00bb5000&Prime; img_size=\u00a0\u00bbfull\u00a0\u00bb alignment=\u00a0\u00bbcenter\u00a0\u00bb onclick=\u00a0\u00bbcustom_link\u00a0\u00bb link=\u00a0\u00bbhttps:\/\/www.gite-savoie-bauges.fr\/index.php\/lalpagedecapucine-gite-avec-spa-privatif\/\u00a0\u00bb][vc_column_text]<\/p>\n<h2 style=\"text-align: center;\"><span style=\"font-family: georgia, palatino, serif; font-size: 24pt;\"><strong>L&rsquo;Alpage, en SAVOIE<\/strong><\/span><\/h2>\n<h2><span style=\"font-family: georgia, palatino, serif;\">Trois gites jusqu&rsquo;\u00e0 10 personnes pour une nuit insolite au Lac du Bourget<\/span><\/h2>\n<p><span style=\"font-size: 14pt; font-family: georgia, palatino, serif;\"><a title=\"L\u2019Alpage de Capucine\" href=\"https:\/\/www.gite-savoie-bauges.fr\/index.php\/lalpagedecapucine-gite-avec-spa-privatif\/\">L&rsquo;Alpage <\/a>propose <strong>deux<\/strong> gites d&rsquo;une capacit\u00e9 de <strong>4 et 6 personnes<\/strong><strong>. <\/strong>Pour les<strong> groupes, <\/strong>L&rsquo;Alpage est <strong>enti\u00e8rement privatisable, pour 10 personnes. (9 pers en lits individuels).\u00a0<\/strong><\/span><\/p>\n<p><span style=\"font-size: 14pt; font-family: 'trebuchet ms', geneva, sans-serif;\"><span style=\"font-family: georgia, palatino, serif;\">Situ\u00e9s sur les hauteurs qui dominent le <b data-path-to-node=\"13,0\" data-index-in-node=\"328\">Lac du Bourget<\/b>, ces g\u00eetes offrent une <b data-path-to-node=\"13,0\" data-index-in-node=\"366\">vue panoramique exceptionnelle<\/b>. C&rsquo;est le cadre id\u00e9al pour un s\u00e9jour insolite en Savoie, ou un <a href=\"https:\/\/www.gite-savoie-bauges.fr\/index.php\/stages-bien-etre\/\">stage bien-\u00eatre<\/a>, sur le territoire pr\u00e9serv\u00e9 de la <\/span><a href=\"https:\/\/www.aixlesbains-rivieradesalpes.com\/\" target=\"_blank\" rel=\"noopener\"><span style=\"font-family: georgia, palatino, serif;\">Riviera des Alpes, <\/span><\/a><span style=\"font-family: georgia, palatino, serif;\">avec un acc\u00e8s direct aux sentiers de VTT et de randonn\u00e9e.\u00a0\u00bb<\/span><\/span>[\/vc_column_text]<span  id=\"wofcb-3\" class=\"ozy-custom_button_w\"><a id=\"ofcb-3\" style=\"--data-bordercolor:#515b43\" class=\"ozy-custom_button ocbtn-0\"  href=\"https:\/\/www.gite-savoie-bauges.fr\/index.php\/lalpagedecapucine-gite-avec-spa-privatif\/\"  target=\"_self\" >D\u00e9couvrir ce g\u00eete insolite<\/a><\/span><span  id=\"wofcb-4\" class=\"ozy-custom_button_w\"><a id=\"ofcb-4\" style=\"--data-bordercolor:#aad7ce\" class=\"ozy-custom_button ocbtn-6\"  href=\"https:\/\/secure.reservit.com\/reservit\/reserhotel.php?lang=FR&#038;id=426&#038;hotelid=445467\"  target=\"_blank\" >R\u00e9server \u00e0 L&#039;Alpage<span><\/span><\/a><\/span>[\/vc_column][vc_column width=\u00a0\u00bb1\/2&Prime;][vc_text_separator title=\u00a0\u00bbLA GRANGE\u00a0\u00bb i_icon_fontawesome=\u00a0\u00bbfas fa-tractor\u00a0\u00bb i_color=\u00a0\u00bbcustom\u00a0\u00bb color=\u00a0\u00bbcustom\u00a0\u00bb border_width=\u00a0\u00bb2&Prime; add_icon=\u00a0\u00bbtrue\u00a0\u00bb accent_color=\u00a0\u00bb#515b43&Prime; i_custom_color=\u00a0\u00bb#515b43&Prime;][vc_gallery type=\u00a0\u00bbimage_grid\u00a0\u00bb images=\u00a0\u00bb3519,4045&Prime; img_size=\u00a0\u00bb\u00a0\u00bb onclick=\u00a0\u00bb\u00a0\u00bb]<span  id=\"wofcb-5\" class=\"ozy-custom_button_w\"><a id=\"ofcb-5\" style=\"--data-bordercolor:#515b43\" class=\"ozy-custom_button ocbtn-0\"  href=\"https:\/\/www.gite-savoie-bauges.fr\/index.php\/lagrangedecapucine-grand-gite-8-personnes-en-montagne-annecy\/\"  target=\"_self\" >D\u00e9couvrir ce g\u00eete de groupe<\/a><\/span><span  id=\"wofcb-6\" class=\"ozy-custom_button_w\"><a id=\"ofcb-6\" style=\"--data-bordercolor:#aad7ce\" class=\"ozy-custom_button ocbtn-6\"  href=\"https:\/\/secure.reservit.com\/reservit\/reserhotel.php?lang=FR&#038;id=426&#038;hotelid=445466\"  target=\"_blank\" >R\u00e9server la Grange<span><\/span><\/a><\/span>[vc_single_image image=\u00a0\u00bb4953&Prime; img_size=\u00a0\u00bbfull\u00a0\u00bb onclick=\u00a0\u00bbcustom_link\u00a0\u00bb link=\u00a0\u00bbhttps:\/\/www.gite-savoie-bauges.fr\/index.php\/lagrangedecapucine-grand-gite-8-personnes-en-montagne-annecy\/\u00a0\u00bb][vc_column_text]<\/p>\n<h2 style=\"text-align: center;\"><span style=\"font-size: 24pt; font-family: georgia, palatino, serif;\"><strong>La Grange, en HAUTE-SAVOIE<\/strong><\/span><\/h2>\n<h2><span style=\"font-family: georgia, palatino, serif;\">Un grand gite de groupe pour 8 personnes au milieu des champs, proche d&rsquo;Annecy<\/span><\/h2>\n<p><span style=\"font-size: 14pt; font-family: georgia, palatino, serif;\"><a title=\"La Grange de Capucine\" href=\"https:\/\/www.gite-savoie-bauges.fr\/index.php\/lagrangedecapucine-grand-gite-8-personnes-en-montagne-annecy\/\">La Grange<\/a> propose <strong>un g\u00eete<\/strong> d&rsquo;une capacit\u00e9 de <strong>8 personnes, personnalisable pour les groupes (lits individuels disponibles). <\/strong><\/span><\/p>\n<p><span style=\"font-family: georgia, palatino, serif; font-size: 14pt;\"><strong>Situ\u00e9 entre<\/strong>\u00a0<strong><a href=\"https:\/\/www.lac-annecy.com\/\" target=\"_blank\" rel=\"noopener\">Annecy<\/a><\/strong> et <strong>Aix Les Bains<\/strong>, aux portes du Parc Naturel R\u00e9gional du <strong>Massif des Bauges, <\/strong>ce g\u00eete est l&#8217;emplacement id\u00e9al pour rayonner sur les deux Savoies. Profitez du calme de la campagne pour vos r\u00e9unions de famille ou entre amis, \u00e0 proximit\u00e9 imm\u00e9diate des plus beaux sites naturels de la r\u00e9gion.<\/span>[\/vc_column_text]<span  id=\"wofcb-7\" class=\"ozy-custom_button_w\"><a id=\"ofcb-7\" style=\"--data-bordercolor:#515b43\" class=\"ozy-custom_button ocbtn-0\"  href=\"https:\/\/www.gite-savoie-bauges.fr\/index.php\/lagrangedecapucine-grand-gite-8-personnes-en-montagne-annecy\/\"  target=\"_self\" >Voir ce g\u00eete de groupe<\/a><\/span><span  id=\"wofcb-8\" class=\"ozy-custom_button_w\"><a id=\"ofcb-8\" style=\"--data-bordercolor:#aad7ce\" class=\"ozy-custom_button ocbtn-6\"  href=\"https:\/\/secure.reservit.com\/reservit\/reserhotel.php?lang=FR&#038;id=426&#038;hotelid=445466\"  target=\"_blank\" >R\u00e9server la Grange<span><\/span><\/a><\/span>[\/vc_column][\/vc_row][vc_row][vc_column][vc_empty_space][vc_empty_space][vc_text_separator title=\u00a0\u00bbLES GRANGES DE CAPUCINE\u00a0\u00bb i_icon_fontawesome=\u00a0\u00bbfas fa-tree\u00a0\u00bb i_color=\u00a0\u00bbcustom\u00a0\u00bb i_size=\u00a0\u00bbxl\u00a0\u00bb color=\u00a0\u00bbcustom\u00a0\u00bb border_width=\u00a0\u00bb2&Prime; add_icon=\u00a0\u00bbtrue\u00a0\u00bb accent_color=\u00a0\u00bb#515b43&Prime; i_custom_color=\u00a0\u00bb#515b43&Prime;][vc_empty_space][vc_column_text]<\/p>\n<h2 style=\"text-align: center;\">Des gites de caract\u00e8re avec r\u00e9servation en ligne<\/h2>\n<p><span style=\"font-size: 14pt;\">Situ\u00e9s proche du <b data-path-to-node=\"5,0\" data-index-in-node=\"19\">Massif des Bauges<\/b>, entre les <strong>lacs d\u2019Annecy et du Bourget<\/strong>, nos \u00e9tablissements (La Grange et L&rsquo;Alpage) vous accueillent toute l&rsquo;ann\u00e9e.<\/span><\/p>\n<p><span style=\"font-size: 14pt;\">En r\u00e9servant directement sur <b data-path-to-node=\"5,0\" data-index-in-node=\"195\">gite-savoie-bauges.fr<\/b>, vous b\u00e9n\u00e9ficiez :<\/span><\/p>\n<ul>\n<li><span style=\"font-size: 14pt;\">du <b data-path-to-node=\"5,0\" data-index-in-node=\"237\">meilleur tarif garanti<\/b> (sans commission plateforme),<\/span><\/li>\n<li><span style=\"font-size: 14pt;\">d&rsquo;une <strong>annulation gratuite<\/strong> jusqu&rsquo;\u00e0 30 jours avant votre s\u00e9jour,<\/span><\/li>\n<li><span style=\"font-size: 14pt;\">d&rsquo;un<strong> acc\u00e8s exclusif \u00e0 nos offres sp\u00e9ciales<\/strong> saisonni\u00e8res,<\/span><\/li>\n<li><span style=\"font-size: 14pt;\">d&rsquo;une <strong>exp\u00e9rience personnalis\u00e9e<\/strong> avec <strong>nos services disponibles sur place<\/strong> : livraison de petits-d\u00e9jeuners, de paniers repas savoyards, massages bien-\u00eatre Shiatsu, location de bateau sur le lac, location de VTT sur place &#8230;<\/span><\/li>\n<\/ul>\n<p><span style=\"font-size: 14pt;\">Consultez nos <b data-path-to-node=\"5,0\" data-index-in-node=\"456\">disponibilit\u00e9s en temps r\u00e9el<\/b>\u00a0pour un s\u00e9jour authentique en Savoie Mont Blanc.<\/span>[\/vc_column_text][\/vc_column][\/vc_row]<\/p>\n","protected":false},"excerpt":{"rendered":"<p>Your white-sand paradise in Florida. Simply enjoy.<\/p>\n","protected":false},"author":1,"featured_media":0,"parent":0,"menu_order":0,"comment_status":"closed","ping_status":"closed","template":"","meta":{"footnotes":""},"class_list":["post-570","page","type-page","status-publish","hentry",null],"yoast_head":"<!-- This site is optimized with the Yoast SEO plugin v27.5 - https:\/\/yoast.com\/product\/yoast-seo-wordpress\/ -->\n<title>Les Granges de Capucine : des gites de groupe en Savoie<\/title>\n<meta name=\"description\" content=\"D\u00e9couvrez nos charmants gites de groupe, pour un s\u00e9jour en famille ou entre amis, en Savoie Mont Blanc. R\u00e9servez d\u00e8s maintenant !\" \/>\n<meta name=\"robots\" content=\"index, follow, max-snippet:-1, max-image-preview:large, max-video-preview:-1\" \/>\n<link rel=\"canonical\" href=\"https:\/\/www.gite-savoie-bauges.fr\/\" \/>\n<meta property=\"og:locale\" content=\"fr_FR\" \/>\n<meta property=\"og:type\" content=\"article\" \/>\n<meta property=\"og:title\" content=\"Les Granges de Capucine : des gites de groupe en Savoie\" \/>\n<meta property=\"og:description\" content=\"D\u00e9couvrez nos charmants gites de groupe, pour un s\u00e9jour en famille ou entre amis, en Savoie Mont Blanc. R\u00e9servez d\u00e8s maintenant !\" \/>\n<meta property=\"og:url\" content=\"https:\/\/www.gite-savoie-bauges.fr\/\" \/>\n<meta property=\"og:site_name\" content=\"Les granges de Capucine\" \/>\n<meta property=\"article:modified_time\" content=\"2026-04-28T14:45:02+00:00\" \/>\n<meta name=\"twitter:card\" content=\"summary_large_image\" \/>\n<meta name=\"twitter:label1\" content=\"Dur\u00e9e de lecture estim\u00e9e\" \/>\n\t<meta name=\"twitter:data1\" content=\"4 minutes\" \/>\n<script type=\"application\/ld+json\" class=\"yoast-schema-graph\">{\"@context\":\"https:\\\/\\\/schema.org\",\"@graph\":[{\"@type\":\"WebPage\",\"@id\":\"https:\\\/\\\/www.gite-savoie-bauges.fr\\\/\",\"url\":\"https:\\\/\\\/www.gite-savoie-bauges.fr\\\/\",\"name\":\"Les Granges de Capucine : des gites de groupe en Savoie\",\"isPartOf\":{\"@id\":\"https:\\\/\\\/www.gite-savoie-bauges.fr\\\/#website\"},\"datePublished\":\"2017-05-16T13:40:41+00:00\",\"dateModified\":\"2026-04-28T14:45:02+00:00\",\"description\":\"D\u00e9couvrez nos charmants gites de groupe, pour un s\u00e9jour en famille ou entre amis, en Savoie Mont Blanc. R\u00e9servez d\u00e8s maintenant !\",\"breadcrumb\":{\"@id\":\"https:\\\/\\\/www.gite-savoie-bauges.fr\\\/#breadcrumb\"},\"inLanguage\":\"fr-FR\",\"potentialAction\":[{\"@type\":\"ReadAction\",\"target\":[\"https:\\\/\\\/www.gite-savoie-bauges.fr\\\/\"]}]},{\"@type\":\"BreadcrumbList\",\"@id\":\"https:\\\/\\\/www.gite-savoie-bauges.fr\\\/#breadcrumb\",\"itemListElement\":[{\"@type\":\"ListItem\",\"position\":1,\"name\":\"Accueil\",\"item\":\"https:\\\/\\\/www.gite-savoie-bauges.fr\\\/\"},{\"@type\":\"ListItem\",\"position\":2,\"name\":\"Les Granges de Capucine\"}]},{\"@type\":\"WebSite\",\"@id\":\"https:\\\/\\\/www.gite-savoie-bauges.fr\\\/#website\",\"url\":\"https:\\\/\\\/www.gite-savoie-bauges.fr\\\/\",\"name\":\"Les granges de Capucine\",\"description\":\"3 gites en Savoie Mont Blanc entre 2 lacs\",\"potentialAction\":[{\"@type\":\"SearchAction\",\"target\":{\"@type\":\"EntryPoint\",\"urlTemplate\":\"https:\\\/\\\/www.gite-savoie-bauges.fr\\\/?s={search_term_string}\"},\"query-input\":{\"@type\":\"PropertyValueSpecification\",\"valueRequired\":true,\"valueName\":\"search_term_string\"}}],\"inLanguage\":\"fr-FR\"}]}<\/script>\n<!-- \/ Yoast SEO plugin. -->","yoast_head_json":{"title":"Les Granges de Capucine : des gites de groupe en Savoie","description":"D\u00e9couvrez nos charmants gites de groupe, pour un s\u00e9jour en famille ou entre amis, en Savoie Mont Blanc. R\u00e9servez d\u00e8s maintenant !","robots":{"index":"index","follow":"follow","max-snippet":"max-snippet:-1","max-image-preview":"max-image-preview:large","max-video-preview":"max-video-preview:-1"},"canonical":"https:\/\/www.gite-savoie-bauges.fr\/","og_locale":"fr_FR","og_type":"article","og_title":"Les Granges de Capucine : des gites de groupe en Savoie","og_description":"D\u00e9couvrez nos charmants gites de groupe, pour un s\u00e9jour en famille ou entre amis, en Savoie Mont Blanc. R\u00e9servez d\u00e8s maintenant !","og_url":"https:\/\/www.gite-savoie-bauges.fr\/","og_site_name":"Les granges de Capucine","article_modified_time":"2026-04-28T14:45:02+00:00","twitter_card":"summary_large_image","twitter_misc":{"Dur\u00e9e de lecture estim\u00e9e":"4 minutes"},"schema":{"@context":"https:\/\/schema.org","@graph":[{"@type":"WebPage","@id":"https:\/\/www.gite-savoie-bauges.fr\/","url":"https:\/\/www.gite-savoie-bauges.fr\/","name":"Les Granges de Capucine : des gites de groupe en Savoie","isPartOf":{"@id":"https:\/\/www.gite-savoie-bauges.fr\/#website"},"datePublished":"2017-05-16T13:40:41+00:00","dateModified":"2026-04-28T14:45:02+00:00","description":"D\u00e9couvrez nos charmants gites de groupe, pour un s\u00e9jour en famille ou entre amis, en Savoie Mont Blanc. R\u00e9servez d\u00e8s maintenant !","breadcrumb":{"@id":"https:\/\/www.gite-savoie-bauges.fr\/#breadcrumb"},"inLanguage":"fr-FR","potentialAction":[{"@type":"ReadAction","target":["https:\/\/www.gite-savoie-bauges.fr\/"]}]},{"@type":"BreadcrumbList","@id":"https:\/\/www.gite-savoie-bauges.fr\/#breadcrumb","itemListElement":[{"@type":"ListItem","position":1,"name":"Accueil","item":"https:\/\/www.gite-savoie-bauges.fr\/"},{"@type":"ListItem","position":2,"name":"Les Granges de Capucine"}]},{"@type":"WebSite","@id":"https:\/\/www.gite-savoie-bauges.fr\/#website","url":"https:\/\/www.gite-savoie-bauges.fr\/","name":"Les granges de Capucine","description":"3 gites en Savoie Mont Blanc entre 2 lacs","potentialAction":[{"@type":"SearchAction","target":{"@type":"EntryPoint","urlTemplate":"https:\/\/www.gite-savoie-bauges.fr\/?s={search_term_string}"},"query-input":{"@type":"PropertyValueSpecification","valueRequired":true,"valueName":"search_term_string"}}],"inLanguage":"fr-FR"}]}},"_links":{"self":[{"href":"https:\/\/www.gite-savoie-bauges.fr\/index.php\/wp-json\/wp\/v2\/pages\/570","targetHints":{"allow":["GET"]}}],"collection":[{"href":"https:\/\/www.gite-savoie-bauges.fr\/index.php\/wp-json\/wp\/v2\/pages"}],"about":[{"href":"https:\/\/www.gite-savoie-bauges.fr\/index.php\/wp-json\/wp\/v2\/types\/page"}],"author":[{"embeddable":true,"href":"https:\/\/www.gite-savoie-bauges.fr\/index.php\/wp-json\/wp\/v2\/users\/1"}],"replies":[{"embeddable":true,"href":"https:\/\/www.gite-savoie-bauges.fr\/index.php\/wp-json\/wp\/v2\/comments?post=570"}],"version-history":[{"count":173,"href":"https:\/\/www.gite-savoie-bauges.fr\/index.php\/wp-json\/wp\/v2\/pages\/570\/revisions"}],"predecessor-version":[{"id":5748,"href":"https:\/\/www.gite-savoie-bauges.fr\/index.php\/wp-json\/wp\/v2\/pages\/570\/revisions\/5748"}],"wp:attachment":[{"href":"https:\/\/www.gite-savoie-bauges.fr\/index.php\/wp-json\/wp\/v2\/media?parent=570"}],"curies":[{"name":"wp","href":"https:\/\/api.w.org\/{rel}","templated":true}]}}